e?
True
Let z be (-1 - -2)/2*-244. Let o = z + 781. Let x = 1342 - o. Is x composite?
False
Suppose -5*i + 28 = -2*c - i, 5*i - 20 = c. Let m = 7730 - 9010. Is (6/(-4))/((-5)/c) - m a prime number?
True
Suppose -833128 = 152*h - 167*h + 3302537. Is h prime?
True
Let m(v) = 69163*v**2 - 52*v - 52. Is m(-1) a prime number?
True
Let c = 134 - 122. Suppose 13*i - 3*p = c*i + 10238, -2*p = -3*i + 30679. Is i composite?
False
Let p = 287499 - 137260. Is p composite?
False
Let f = 204105 + -102838. Is f prime?
True
Suppose 0 = 52*x - 12548040 - 14008724. Is x a composite number?
False
Suppose -5*s + 12 = 2. Suppose -s*l + 5 = 3*l - 5*y, 4*l + y = 9. Is l/(-4)*4*9715/(-10) composite?
True
Let o(r) = r**2 + 2. Let t be o(0). Suppose 5*k - 775 = 4*j, 7*k + 4*j = 3*k + 584. Suppose -2*i + k = n, t*i + 74 + 222 = 2*n. Is n a prime number?
True
Suppose z - 2*b = 18519, -5*z + 26524 = 3*b - 66058. Is z a prime number?
True
Is 1189822 + ((-4)/12)/(5/(-105)) prime?
False
Let d be 76/3 - 22/(-33). Let t = d - 24. Suppose 0 = -r + t*n - 6*n + 1155, 5*r + 5*n - 5700 = 0. Is r prime?
False
Let g(t) = t**3 - 5*t**2 - 2*t + 10. Let z be g(5). Suppose -10*h + 11736 + 194 = z. Is h a composite number?
False
Suppose i = -10*i + 5698. Let v = i - 157. Let y = 1088 - v. Is y a composite number?
False
Let x(c) = c - 43*c**2 + 0*c - 35*c**2 - 2*c + 8. Let h be x(-3). Let j = -68 - h. Is j a prime number?
False
Let u = -641 + 641. Suppose 0 = -16*k + 12*k + 4, 5*i - k - 2634 = u. Is i a prime number?
False
Let r(q) = -q**3 - 8*q**2 + 2*q - 16. Let n(f) = -f**3 - 15*f**2 + 5*f - 32. Let z(w) = 2*n(w) - 5*r(w). Is z(15) composite?
False
Let v = 6780 + -1348. Let w = -727 + v. Is w prime?
False
Suppose -5*z - 3*l + 7*l + 42198 = 0, -5*z + 42207 = -l. Let n = 14911 - z. Is n prime?
True
Suppose 1785 = 4*c - 3*c - 4*m, -7114 = -4*c + 3*m. Is c prime?
True
Let a be (12/(-10))/(-3)*10. Suppose -a*n = -s + 17, -n - n + s - 9 = 0. Is 2 - (n - (84 - 3)) a prime number?
False
Let r be (-2)/((-13)/(536965/10)). Let z = 15280 - r. Is z a prime number?
True
Let n be 40*2*(-30)/(-12). Let b be (-117)/(-6)*n/(-15). Let s = 1067 + b. Is s prime?
False
Suppose 53*o - 17*o + 969042 = 4214910. Is o composite?
False
Is (-4572072)/(-7) - (-12)/1680*-20 a composite number?
False
Let w be (-15793)/(-13) - 2 - 14/(-91). Let r = w + -2511. Let u = -429 - r. Is u composite?
True
Let l = -291 + 282. Is 2/(18680/55896 - (-3)/l) composite?
True
Let x(o) = -1737*o**3 + 7*o**2 - 18*o - 55. Is x(-3) a composite number?
True
Is (-12)/(-7) + (4 - 6) - (-10439796)/84 a composite number?
True
Suppose 42*r - 2209793 - 9163429 = 0. Is r a prime number?
True
Let b = 39 + -36. Suppose -k + b*a - 2*a = -4, 0 = -k - 5*a + 28. Suppose 2133 + 2147 = k*r. Is r prime?
False
Let d(p) = -92*p + 54. Let s(l) = -1. Let n(a) = -d(a) - 4*s(a). Let o be n(11). Suppose -4564 = -2*b - o. Is b composite?
False
Let s = 1374 + 36271. Is s a composite number?
True
Let j(o) = 643*o**2 - 17*o - 10. Let k be j(-8). Is k/(8 - (10 - 4)) a prime number?
True
Let b(p) = 180*p**3 + 38*p**2 - 52*p - 21. Is b(10) a composite number?
False
Let o be (-134)/3216 - 25393/(-24). Let q be 3/(-1)*(-1)/1. Suppose -5*a - q*u + 1103 = 0, -4*a + 5*u + o = 146. Is a prime?
True
Suppose -218*j + 102*j + 234204 = -104*j. Is j prime?
False
Let g = -124 - -124. Suppose -4*a + a + 3*p + 23454 = g, p = -a + 7816. Is a a composite number?
False
Suppose 19*o - 3324008 - 8013311 = 0. Is o composite?
True
Let g = 114507 + 88550. Is g composite?
False
Let i be (729/108)/(6/(-16)). Is ((i/4)/3)/((-9)/57258) a composite number?
True
Let s(u) = -9 + 4*u**2 - u**2 + 6*u - u**3 - 32*u**3 - 7*u. Let m be 3/((-75)/20 - -3). Is s(m) prime?
False
Let u(d) = -17*d**3 - d**2 - 2*d - 3. Let l be u(-4). Suppose -2*g = l - 4543. Is g prime?
True
Let c(x) = -2*x**3 - 56*x**2 - 81*x - 407. Is c(-30) prime?
True
Let m = 2882 + -1683. Suppose 0 = 14*f - 3519 - m. Is f composite?
False
Let o(j) = -15139*j - 6. Let y be o(-1). Suppose 6*h - y - 27485 = 0. Is h composite?
False
Let s = 91418 + 105080. Let d = s - 98757. Is d composite?
True
Suppose -x = 13*x - 6650. Let h(r) = 6*r - 2. Let v be h(-4). Let m = v + x. Is m a prime number?
True
Let a(j) = -196*j**2 + 3*j - 1. Let y(w) = -w**2. Let t(d) = -a(d) - 3*y(d). Let r be t(1). Suppose 0 = 8*m - r - 1219. Is m prime?
False
Let j(c) = -3*c**3 - c**2 + 6*c - 4 - 5 + 11 - 5*c**2. Is j(-11) prime?
True
Let k be 195/(-1) + (6 - (-3 - -11)). Let n = -108 - k. Is n a prime number?
True
Let c(g) = 14524*g**3 + 4*g**2 - 17*g + 37. Is c(2) a composite number?
True
Let k(j) = 13*j - 124. Let b be k(10). Suppose b*q - 4*q - p - 63746 = 0, 0 = 4*p. Is q composite?
False
Let w be (-34)/(-51)*(2 + 19). Let d(h) = 3*h**3 + 14*h**2 - 73. Is d(w) a composite number?
False
Let l = -21 + 34. Suppose 1 = w, -5*s - l = -s - 5*w. Is (-886)/(s*(3 - 2)) a composite number?
False
Let p(y) be the second derivative of 1087*y**6/360 + y**5/40 + y**4/2 + 13*y. Let j(m) be the third derivative of p(m). Is j(1) prime?
False
Let h be (-30)/75 + 1496/(-10). Let j = -126 - h. Suppose -j*p = -23*p - 381. Is p composite?
True
Let v = 337766 + -3225. Is v prime?
True
Let n be (-4 + 1)*(12 + -13). Suppose 11*z - 6*z - 50780 = -5*y, 4*z + n*y - 40627 = 0. Is z a prime number?
True
Suppose s - 71 - 317 = 0. Let n = 942 - s. Is n a composite number?
True
Let i be ((-10)/12)/(((-319)/(-66))/(-29)). Suppose 5*z - 9465 = i*d, 3629 = 3*z - 2*d - 2046. Is z a composite number?
False
Let y = -544912 - -1074505. Is y composite?
True
Suppose 10*g = 17*g - 12278. Is g prime?
False
Let a = -4095 - -8816. Is a prime?
True
Suppose 0 = -8*c - 4010 - 3838. Let l = c - -1654. Is l a composite number?
False
Let i(q) = -q**2 - 16*q - 20. Let y be i(-14). Let j(s) = s**3 - 4*s**2 - 5*s - 19. Let n be j(y). Suppose 0 = -2*x - n + 843. Is x a composite number?
True
Let k(y) = -5*y**3 + 2*y**2 + 6*y + 4. Let n be k(-1). Suppose -4*d = -h + 3239, 0*h - n*d - 3236 = -h. Is h a prime number?
True
Suppose 3*t - 993680 - 320728 = -3*f, 5*t = 25. Is f composite?
False
Suppose 12822 = 15*s - 5238. Suppose 0 = -q + s + 5156. Let c = -4513 + q. Is c prime?
True
Let m(i) = 28*i**2 + 11*i - 92. Suppose 0 = -r + j + 5 + 6, 4*r - 42 = 5*j. Is m(r) a prime number?
True
Suppose -7*s + 2*s - 27210 = -2*x, 3*s = -x - 16326. Let h = s + 17785. Is h prime?
True
Suppose 0 = 3*m + 15, -51 = 10*u - 12*u + m. Suppose 0 = -51*i + u*i + 171332. Is i prime?
False
Let r(o) = o**2 - 3*o + 5. Let v be r(6). Is v/((-3)/(-159)*(0 + 1)) composite?
True
Let q(l) = 457*l + 8*l + 123*l + 140*l + 7 + 8. Is q(1) prime?
True
Let c = 517 + -1165. Let j = 1429 - c. Is j prime?
False
Let m(b) = -16*b - 79. Let o be m(-9). Let v = -134 + 388. Suppose -o = -i + v. Is i a composite number?
True
Let y be (-6)/3*(-2109)/6. Let s = 1276 - y. Is s a composite number?
True
Let f = 6623 - 1568. Let k = f + -3346. Is k composite?
False
Suppose -13*a + 9*a - 3*j = -3076477, 0 = 4*a - j - 3076465. Is a a prime number?
True
Let x = 81726 + -47831. Is x a prime number?
False
Suppose 7*m - 1140800 = 200687. Is m prime?
False
Let w(p) = -p**2 - 4*p + 1. Let g be w(-4). Let f(i) = -65*i**2 - 69*i**2 - 2 + i + 630*i**3 + 136*i**2 + 0*i. Is f(g) a composite number?
False
Let k(w) = 4*w - 10. Let q be k(6). Let h(z) = 91 + 15*z**2 - 98 + 0*z**3 - z**3 - 2*z. Is h(q) a prime number?
False
Let i be (-98 - 3)*(-7)/((-42)/858). Let n = -3260 - i. Is n composite?
True
Let n(c) = -35619*c + 4339. Is n(-8) prime?
True
Is 6344343/207 + 4/2 + 8/2 prime?
False
Let r = 562674 + -364753. Is r composite?
False
Let y(z) = 3*z + 5. Let o be y(1). Suppose 11127 = 5*s - 4*x, 5*s + o*x - 11129 = 11*x. Is s a composite number?
True
Let j(g) = -12405*g + 4028. Is j(-7) a composite number?
False
Let t = 8583 - -2768. Is t prime?
True
Suppose 0 = 26*u + 15*u + 1230. Let t(c) = 120*c**2 - 33*c + 11. Is t(u) composite?
False
Let a(i) = -9628*i - 105. Let s be a(-21). Is (-8)/(-52) + s/13 prime?
False
Suppose 170*x = -151*x + 338*x - 1092607. Is x composite?
False
Suppose -2*a + 0*a + 5*k = -223948, -a - 2*k + 111947 = 0. Is a a composite number?
False
Let c = -22 - -77. Suppose -6*w - 25 = -c. Suppose w*h - 4117 = 5348. Is h prime?
False
Suppose 0 = 14*g - g + 273. Let u